{"id":9513,"date":"2023-12-19T16:51:48","date_gmt":"2023-12-19T15:51:48","guid":{"rendered":"https:\/\/nownow.gallery\/shop\/unkategorisiert\/havanna-v\/"},"modified":"2024-05-13T10:51:52","modified_gmt":"2024-05-13T08:51:52","slug":"havanna-v","status":"publish","type":"product","link":"https:\/\/nownow.gallery\/de\/shop\/stadt\/havanna-v\/","title":{"rendered":"Havanna V"},"content":{"rendered":"<p>Ich habe eine enge Verbindung zu Kuba, war schon mehrmals dort und habe ein Jahr lang in Havanna studiert. Mit meinen Bildern m\u00f6chte ich meine Erinnerungen an meine Zeit in der Stadt bewahren und eine bestimmte Stimmung unter der Oberfl\u00e4che einfangen. Die Karibik wird immer mit Fr\u00f6hlichkeit und guter Laune assoziiert. Nat\u00fcrlich habe ich das auch schon erlebt, zum Beispiel, wenn ich in Sammeltaxis oder Privatautos unterwegs bin, die man einfach heranwinken kann und die dann jede Menge Leute mitnehmen. Sie sind vollgestopft mit Eink\u00e4ufen und die Fahrg\u00e4ste unterhalten sich angeregt, w\u00e4hrend Salsa in ordentlicher Lautst\u00e4rke gespielt wird. Aber hinter dieser Ausgelassenheit verbirgt sich auch Schwermut, der ebenso zu Kuba geh\u00f6rt. Mit meinen Bildern m\u00f6chte ich dieses Gef\u00fchl einer gewissen Abgeschiedenheit, Melancholie, Sehnsucht und das au\u00dfergew\u00f6hnliche Licht Havannas einfangen.<\/p>\n","protected":false},"excerpt":{"rendered":"<p>City, Nostalgia, Havanna V, Auto, Fahren, Fernweh, Kuba, Stra\u00dfe, Taxi, Urlaub, Urlaub, Alina Simmelbauer<\/p>\n","protected":false},"featured_media":9108,"comment_status":"closed","ping_status":"closed","template":"","meta":{"iawp_total_views":6},"product_brand":[],"product_cat":[497,510],"product_tag":[500,504,508,477,506,502,499,498],"class_list":{"0":"post-9513","1":"product","2":"type-product","3":"status-publish","4":"has-post-thumbnail","6":"product_cat-stadt","7":"product_cat-nostalgie","8":"product_tag-auto","9":"product_tag-fahren","10":"product_tag-fernweh","11":"product_tag-kuba","12":"product_tag-strase","13":"product_tag-taxi-de","14":"product_tag-urlaub-de-2","15":"product_tag-urlaub-de","17":"first","18":"instock","19":"taxable","20":"shipping-taxable","21":"purchasable","22":"product-type-variable"},"supplier_id":null,"supplier_sku":"","barcode":null,"atum_controlled":true,"out_stock_date":null,"out_stock_threshold":null,"inheritable":false,"inbound_stock":null,"stock_on_hold":0,"sold_today":0,"sales_last_days":0,"reserved_stock":null,"customer_returns":null,"warehouse_damage":null,"lost_in_post":null,"other_logs":null,"out_stock_days":0,"lost_sales":0,"has_location":null,"update_date":"2024-11-29T00:11:31","atum_locations":[],"atum_stock_status":"instock","restock_status":false,"low_stock_amount":"","sales_update_date":"2024-11-29T00:11:31","calc_backorders":null,"_links":{"self":[{"href":"https:\/\/nownow.gallery\/de\/wp-json\/wp\/v2\/product\/9513","targetHints":{"allow":["GET"]}}],"collection":[{"href":"https:\/\/nownow.gallery\/de\/wp-json\/wp\/v2\/product"}],"about":[{"href":"https:\/\/nownow.gallery\/de\/wp-json\/wp\/v2\/types\/product"}],"replies":[{"embeddable":true,"href":"https:\/\/nownow.gallery\/de\/wp-json\/wp\/v2\/comments?post=9513"}],"wp:featuredmedia":[{"embeddable":true,"href":"https:\/\/nownow.gallery\/de\/wp-json\/wp\/v2\/media\/9108"}],"wp:attachment":[{"href":"https:\/\/nownow.gallery\/de\/wp-json\/wp\/v2\/media?parent=9513"}],"wp:term":[{"taxonomy":"product_brand","embeddable":true,"href":"https:\/\/nownow.gallery\/de\/wp-json\/wp\/v2\/product_brand?post=9513"},{"taxonomy":"product_cat","embeddable":true,"href":"https:\/\/nownow.gallery\/de\/wp-json\/wp\/v2\/product_cat?post=9513"},{"taxonomy":"product_tag","embeddable":true,"href":"https:\/\/nownow.gallery\/de\/wp-json\/wp\/v2\/product_tag?post=9513"}],"curies":[{"name":"wp","href":"https:\/\/api.w.org\/{rel}","templated":true}]}}

<p>Ich habe eine enge Verbindung zu Kuba, war schon mehrmals dort und habe ein Jahr lang in Havanna studiert. Mit meinen Bildern möchte ich meine Erinnerungen an meine Zeit in der Stadt bewahren und eine bestimmte Stimmung unter der Oberfläche einfangen. Die Karibik wird immer mit Fröhlichkeit und guter Laune assoziiert. Natürlich habe ich das auch schon erlebt, zum Beispiel, wenn ich in Sammeltaxis oder Privatautos unterwegs bin, die man einfach heranwinken kann und die dann jede Menge Leute mitnehmen. Sie sind vollgestopft mit Einkäufen und die Fahrgäste unterhalten sich angeregt, während Salsa in ordentlicher Lautstärke gespielt wird. Aber hinter dieser Ausgelassenheit verbirgt sich auch Schwermut, der ebenso zu Kuba gehört. Mit meinen Bildern möchte ich dieses Gefühl einer gewissen Abgeschiedenheit, Melancholie, Sehnsucht und das außergewöhnliche Licht Havannas einfangen.</p>

<p>City, Nostalgia, Havanna V, Auto, Fahren, Fernweh, Kuba, Straße, Taxi, Urlaub, Urlaub, Alina Simmelbauer</p>
