{"id":11286,"date":"2024-04-02T14:14:24","date_gmt":"2024-04-02T12:14:24","guid":{"rendered":"https:\/\/nownow.gallery\/shop\/unkategorisiert\/der-goldene-schleier-von-ipanema\/"},"modified":"2025-04-02T09:13:08","modified_gmt":"2025-04-02T07:13:08","slug":"das-schauspiel-von-ipanema","status":"publish","type":"product","link":"https:\/\/nownow.gallery\/de\/shop\/traume\/der-goldene-schleier-von-ipanema\/","title":{"rendered":"The Golden Veil of Ipanema"},"content":{"rendered":"<h3>Das einzigartige Schauspiel von Ipanema<\/h3>\n<p>Es gibt so viele Bilder von den Str\u00e4nden in Rio, deswegen fotografiere ich dort eigentlich nicht so gerne. Aber wenn es in Ipanema dunkel wird, bin ich aufgeregt. Die tiefgoldenen Sonnenstrahlen tauchen die umliegenden Berge in ein mystisches Licht und verleihen ihnen eine beeindruckende Silhouette. Dies ist ein einzigartiges Schauspiel, besonders um Weihnachten herum, als dieses Bild aufgenommen wurde. Zu dieser Jahreszeit versinkt die Sonne neben den Dois Irm\u00e3os, den beiden Gipfeln s\u00fcdlich des Strandes, im Meer. Dies geschieht nur w\u00e4hrend dieses Zeitraums. Ansonsten verschwindet sie immer hinter der Felsformation. Wenn der Atlantik die Sonne vollst\u00e4ndig verschluckt hat, fangen alle am Strand an zu klatschen, um den Feuerball zu ehren. Dann wird es an der K\u00fcste k\u00fchler und alle str\u00f6men in die Bars der Gegend, um ein paar Bierchen zu trinken.<\/p>\n","protected":false},"excerpt":{"rendered":"<p>2021, Dreams, Joy, The Golden Veil of Ipanema, Brasilien, Rio de Janeiro, Sonnenuntergang, Strandleben, Urlaub, Kristin Bethge<\/p>\n","protected":false},"featured_media":9148,"comment_status":"closed","ping_status":"closed","template":"","meta":{"iawp_total_views":17},"product_brand":[],"product_cat":[460,468],"product_tag":[699,701,493,700,485],"class_list":{"0":"post-11286","1":"product","2":"type-product","3":"status-publish","4":"has-post-thumbnail","6":"product_cat-traume","7":"product_cat-freude","8":"product_tag-brasilien","9":"product_tag-rio-de-janeiro-de","10":"product_tag-sonnenuntergang","11":"product_tag-strandleben","12":"product_tag-urlaub","14":"first","15":"instock","16":"featured","17":"taxable","18":"shipping-taxable","19":"purchasable","20":"product-type-variable"},"supplier_id":null,"supplier_sku":"","barcode":null,"atum_controlled":true,"out_stock_date":null,"out_stock_threshold":null,"inheritable":true,"inbound_stock":null,"stock_on_hold":0,"sold_today":0,"sales_last_days":0,"reserved_stock":null,"customer_returns":null,"warehouse_damage":null,"lost_in_post":null,"other_logs":null,"out_stock_days":0,"lost_sales":0,"has_location":false,"update_date":"2025-01-28T08:05:40","atum_locations":[],"atum_stock_status":"instock","restock_status":false,"low_stock_amount":"","sales_update_date":"2024-11-24T00:06:23","calc_backorders":null,"_links":{"self":[{"href":"https:\/\/nownow.gallery\/de\/wp-json\/wp\/v2\/product\/11286","targetHints":{"allow":["GET"]}}],"collection":[{"href":"https:\/\/nownow.gallery\/de\/wp-json\/wp\/v2\/product"}],"about":[{"href":"https:\/\/nownow.gallery\/de\/wp-json\/wp\/v2\/types\/product"}],"replies":[{"embeddable":true,"href":"https:\/\/nownow.gallery\/de\/wp-json\/wp\/v2\/comments?post=11286"}],"wp:featuredmedia":[{"embeddable":true,"href":"https:\/\/nownow.gallery\/de\/wp-json\/wp\/v2\/media\/9148"}],"wp:attachment":[{"href":"https:\/\/nownow.gallery\/de\/wp-json\/wp\/v2\/media?parent=11286"}],"wp:term":[{"taxonomy":"product_brand","embeddable":true,"href":"https:\/\/nownow.gallery\/de\/wp-json\/wp\/v2\/product_brand?post=11286"},{"taxonomy":"product_cat","embeddable":true,"href":"https:\/\/nownow.gallery\/de\/wp-json\/wp\/v2\/product_cat?post=11286"},{"taxonomy":"product_tag","embeddable":true,"href":"https:\/\/nownow.gallery\/de\/wp-json\/wp\/v2\/product_tag?post=11286"}],"curies":[{"name":"wp","href":"https:\/\/api.w.org\/{rel}","templated":true}]}}

<h3>Das einzigartige Schauspiel von Ipanema</h3>
<p>Es gibt so viele Bilder von den Stränden in Rio, deswegen fotografiere ich dort eigentlich nicht so gerne. Aber wenn es in Ipanema dunkel wird, bin ich aufgeregt. Die tiefgoldenen Sonnenstrahlen tauchen die umliegenden Berge in ein mystisches Licht und verleihen ihnen eine beeindruckende Silhouette. Dies ist ein einzigartiges Schauspiel, besonders um Weihnachten herum, als dieses Bild aufgenommen wurde. Zu dieser Jahreszeit versinkt die Sonne neben den Dois Irmãos, den beiden Gipfeln südlich des Strandes, im Meer. Dies geschieht nur während dieses Zeitraums. Ansonsten verschwindet sie immer hinter der Felsformation. Wenn der Atlantik die Sonne vollständig verschluckt hat, fangen alle am Strand an zu klatschen, um den Feuerball zu ehren. Dann wird es an der Küste kühler und alle strömen in die Bars der Gegend, um ein paar Bierchen zu trinken.</p>
