{"id":10401,"date":"2024-04-19T14:33:02","date_gmt":"2024-04-19T12:33:02","guid":{"rendered":"https:\/\/nownow.gallery\/shop\/unkategorisiert\/der-eiffelturm-an-einem-grauen-donnerstagnachmittag\/"},"modified":"2025-03-26T09:27:49","modified_gmt":"2025-03-26T08:27:49","slug":"der-eiffelturm","status":"publish","type":"product","link":"https:\/\/nownow.gallery\/de\/shop\/architektur\/der-eiffelturm-an-einem-grauen-donnerstagnachmittag\/","title":{"rendered":"The Eiffel Tower On A Grey Thursday Afternoon"},"content":{"rendered":"<h3>Der Eiffelturm im Schatten<\/h3>\n<p>Ich habe dieses Foto bei meinem ersten und bisher einzigen Besuch des Eiffelturms aufgenommen, an einem ganz gew\u00f6hnlichen und sehr langweiligen Donnerstagnachmittag. Den Turm zum ersten Mal zu sehen, war dann erstaunlicherweise nicht wirklich \u00fcberw\u00e4ltigend. Tats\u00e4chlich war die Fahrt zu ihm, bei der man zwischen den Pariser H\u00e4usern und durch enge Alleen einen Blick auf ihn erhaschen konnte, viel interessanter, als ihn zum ersten Mal in seiner vollen Pracht zu sehen. Anstatt also nur den nackten Turm zu fotografieren, habe ich die Verschlusszeit verringert und das Bild verschwimmen lassen \u2013 eine Anspielung auf meine eigenen gemischten Erfahrungen gegen\u00fcber dem ber\u00fchmten Wahrzeichen und eine Erinnerung daran, dass es an einem selbst liegt, das Beste aus der Welt zu machen, die man um sich herum sieht.<\/p>\n","protected":false},"excerpt":{"rendered":"<p>Architecture, Black\/White, City, The Eiffel Tower On A Grey Thursday Afternoon, Paris, Turm, Wolken, David Barnwell<\/p>\n","protected":false},"featured_media":9265,"comment_status":"closed","ping_status":"closed","template":"","meta":{"iawp_total_views":14},"product_brand":[],"product_cat":[480,629,497],"product_tag":[628,630,547],"class_list":{"0":"post-10401","1":"product","2":"type-product","3":"status-publish","4":"has-post-thumbnail","6":"product_cat-architektur","7":"product_cat-schwarz-weis","8":"product_cat-stadt","9":"product_tag-paris-de","10":"product_tag-turm","11":"product_tag-wolken","13":"first","14":"instock","15":"featured","16":"taxable","17":"shipping-taxable","18":"purchasable","19":"product-type-variable"},"supplier_id":null,"supplier_sku":"","barcode":null,"atum_controlled":true,"out_stock_date":null,"out_stock_threshold":null,"inheritable":true,"inbound_stock":null,"stock_on_hold":0,"sold_today":0,"sales_last_days":0,"reserved_stock":null,"customer_returns":null,"warehouse_damage":null,"lost_in_post":null,"other_logs":null,"out_stock_days":0,"lost_sales":0,"has_location":false,"update_date":"2025-01-16T07:31:14","atum_locations":[],"atum_stock_status":"instock","restock_status":false,"low_stock_amount":"","sales_update_date":"2024-11-28T00:10:06","calc_backorders":null,"_links":{"self":[{"href":"https:\/\/nownow.gallery\/de\/wp-json\/wp\/v2\/product\/10401","targetHints":{"allow":["GET"]}}],"collection":[{"href":"https:\/\/nownow.gallery\/de\/wp-json\/wp\/v2\/product"}],"about":[{"href":"https:\/\/nownow.gallery\/de\/wp-json\/wp\/v2\/types\/product"}],"replies":[{"embeddable":true,"href":"https:\/\/nownow.gallery\/de\/wp-json\/wp\/v2\/comments?post=10401"}],"wp:featuredmedia":[{"embeddable":true,"href":"https:\/\/nownow.gallery\/de\/wp-json\/wp\/v2\/media\/9265"}],"wp:attachment":[{"href":"https:\/\/nownow.gallery\/de\/wp-json\/wp\/v2\/media?parent=10401"}],"wp:term":[{"taxonomy":"product_brand","embeddable":true,"href":"https:\/\/nownow.gallery\/de\/wp-json\/wp\/v2\/product_brand?post=10401"},{"taxonomy":"product_cat","embeddable":true,"href":"https:\/\/nownow.gallery\/de\/wp-json\/wp\/v2\/product_cat?post=10401"},{"taxonomy":"product_tag","embeddable":true,"href":"https:\/\/nownow.gallery\/de\/wp-json\/wp\/v2\/product_tag?post=10401"}],"curies":[{"name":"wp","href":"https:\/\/api.w.org\/{rel}","templated":true}]}}

<h3>Der Eiffelturm im Schatten</h3>
<p>Ich habe dieses Foto bei meinem ersten und bisher einzigen Besuch des Eiffelturms aufgenommen, an einem ganz gewöhnlichen und sehr langweiligen Donnerstagnachmittag. Den Turm zum ersten Mal zu sehen, war dann erstaunlicherweise nicht wirklich überwältigend. Tatsächlich war die Fahrt zu ihm, bei der man zwischen den Pariser Häusern und durch enge Alleen einen Blick auf ihn erhaschen konnte, viel interessanter, als ihn zum ersten Mal in seiner vollen Pracht zu sehen. Anstatt also nur den nackten Turm zu fotografieren, habe ich die Verschlusszeit verringert und das Bild verschwimmen lassen – eine Anspielung auf meine eigenen gemischten Erfahrungen gegenüber dem berühmten Wahrzeichen und eine Erinnerung daran, dass es an einem selbst liegt, das Beste aus der Welt zu machen, die man um sich herum sieht.</p>
